 = 0, -3*m + x = -282. What is the greatest common divisor of m and q?
23
Let g = 61 - 43. Let y be (-36)/(17 + -11 + -8). Calculate the highest common divisor of y and g.
18
Let x = -1548 - -1962. What is the highest common divisor of 897 and x?
69
Suppose -20 = -i + b, 6*i + 2*b - 107 = i. Let d = 244 - 240. Suppose -k + 21*j + 25 = 19*j, d*j = 4*k - 92. Calculate the greatest common factor of k and i.
21
Let c(h) = 5*h**2 + h - 1. Let g be c(-1). Let o = 7 + -3. Suppose -q = g*t - 42, -89 = -o*q - 3*t + 124. What is the highest common factor of 19 and q?
19
Let u(n) = 4 + 7 + 37 + n**2 + 6*n. Let f be u(-7). Calculate the greatest common divisor of f and 33.
11
Let j(u) = -2*u + 50. Let t be j(20). Let l(s) = -s**3 + 10*s**2 + 7*s - 7. Let n be l(t). What is the greatest common divisor of 693 and n?
63
Let r be 20/((-275)/60 + 5). Calculate the greatest common factor of 5592 and r.
24
Let k be 9/5*((-350)/75 - -8). Let i = 10 + -7. Suppose -5*f = -4*f - i. What is the highest common factor of f and k?
3
Suppose 0 = 4*f, -3*f + 1537 = -5*v + 137. Let y = v - -512. Calculate the greatest common divisor of 8 and y.
8
Let b = 4049 - 1686. What is the highest common divisor of 51 and b?
17
Suppose 25 = -5*o, -c + 0*o = -4*o - 10. Let f(r) = -r**3 - 9*r**2 - r + 4. Let m be f(-9). Let k = m + c. Calculate the highest common divisor of 15 and k.
3
Suppose -p - g + 241 = -1147, -37*p = g - 51500. Calculate the greatest common divisor of 288 and p.
48
Suppose 3*m - 14 = -v, 2*m - 122 = -2*v - 3*v. Let r = -2628 - -2862. What is the highest common factor of v and r?
26
Let j(b) = -b**2 - 58*b - 145. Let k be j(-13). Calculate the greatest common divisor of 1716 and k.
44
Let w = 2086 - 2080. Let i = 33 + -29. What is the greatest common divisor of i and w?
2
Suppose 0 = p + 4*f - 2532, 16*p - 14*p - 5054 = 2*f. Calculate the highest common factor of 237 and p.
79
Let u be (-2 + 6)/((-2)/(-4)). Let w be 64/6*18/u. Let m = 112 + -104. What is the greatest common divisor of m and w?
8
Let t be -5 + (-6853)/(-13) + ((-1602)/(-234) - 7). Calculate the highest common divisor of 4872 and t.
174
Let h(u) = u + 1. Let z = 10 + -11. Let o(c) = -52*c + 44. Let j(g) = z*o(g) - 5*h(g). Let s be j(9). What is the greatest common divisor of 34 and s?
34
Suppose -r = 0, 5*b - 2*r - 329 = 331. Let u be b/(2 + 0) + 25/(-5). What is the greatest common divisor of 793 and u?
61
Suppose 4*p - 392 = 8*p. Let o be (-1)/(2/4) - p. Suppose 3*c - 5*c = -o. What is the highest common divisor of 336 and c?
48
Suppose 146 = 2*m - 2*p, -5*p + 13 - 308 = -4*m. Suppose 1908*f + 157*f - 29508 = -74 - 524. What is the greatest common factor of f and m?
14
Let p(v) = v**3 + 18*v**2 - 2*v - 40. Let o be p(-18). Let h be 241 + o - (-1 - -6). Let s be (1 - 0)*(34 + -5). Calculate the highest common factor of h and s.
29
Let a(g) be the second derivative of 2*g**3/3 + 33*g**2/2 - 64*g. Let w be a(-7). Calculate the highest common factor of 40 and w.
5
Suppose 0 = 11*l + 60*l - 39689. Calculate the greatest common divisor of l and 169.
13
Let p(k) be the first derivative of k**4/4 - 4*k**3 - 6*k**2 - 14*k + 33. Let x be p(15). What is the highest common factor of x and 37?
37
Suppose 6*r - 2*r = -28. Let g = 6 + r. Let p be (g - -8) + -2 + 5. Calculate the greatest common factor of 40 and p.
10
Let q = 13804 - 13715. Calculate the highest common divisor of q and 19.
1
Let n(j) = 2*j**2 + 48*j + 60. Let r be n(-24). What is the highest common divisor of 795 and r?
15
Suppose 0 = 97*o - 96*o - 2018. Suppose -12*d + 142 + o = 0. What is the highest common divisor of d and 3?
3
Let y = 151 + -111. Let w be (-393)/(-2) + (-5)/10. Suppose -3*l - 7 + 1 = 0, -5*a = 2*l - w. What is the highest common divisor of y and a?
40
Let g be (-96)/36*(-3)/2. Suppose 300 = 2*w + 4*y, g*y = -w + y + 145. Let d = -39 - -71. Calculate the highest common divisor of d and w.
32
Suppose 4*z + 249 = 6*z + o, 3*o - 624 = -5*z. Suppose -22*i = -1280 - 2328. Calculate the highest common divisor of z and i.
41
Let p = 240 + -198. Let z be ((-66)/(-10) - 1)*280/16. Calculate the highest common divisor of p and z.
14
Let w = 16 + -10. Let s be -1*(5/5 + 288)*1. Let c = -271 - s. What is the highest common divisor of w and c?
6
Suppose 2*h = -4*u + 42, -9*h + 5*u + 149 = 3*u. Calculate the greatest common divisor of h and 357.
17
Suppose i - h = 51, 52*i - 53*i + 39 = 3*h. What is the greatest common factor of 11376 and i?
48
Suppose -8*c + 4*c = 0, 5*c - 2 = -2*d. Let n be d/((-63)/(-96376)) - 4/(-18). Calculate the greatest common factor of 10 and n.
10
Let f(o) = -198*o + 1962. Let r be f(9). What is the greatest common divisor of 300 and r?
60
Let v = 124 + -123. Let l be (v/3)/(18/6534). What is the greatest common factor of 11 and l?
11
Let z = -121 + 202. Let j = z + -37. Let b(v) = 13*v + 784. Let g be b(-60). What is the highest common factor of j and g?
4
Let t(r) = -r**2 + 17*r - 35. Let i be t(8). What is the greatest common factor of i and 38813?
37
Let h(x) = -14*x**2 + 23*x + 35*x**2 - 9*x**2 + 52 - 13*x**2. Let d be h(23). Calculate the greatest common divisor of d and 26.
26
Let j be 16/(16/12*(-10)/(-36340)). Calculate the highest common factor of 276 and j.
276
Let s(i) = 50*i + 213. Let b be s(-4). Let w(a) = a**2 - 20*a + 130. Let o be w(b). Calculate the greatest common factor of o and 1209.
39
Let j(z) = -z**2 + 5*z - 1. Let c be j(5). Let l be c + (-5)/(1 - 60/56). Suppose 68*o + 10 = l*o. Calculate the greatest common factor of o and 15.
5
Suppose -6*l - 4 = -10*l, -3*c = -2*l - 250. Let s be (-3)/(-9) - (-124)/6. What is the highest common factor of c and s?
21
Suppose -699*f + 703*f - 2*r = 862, 0 = r - 1. Calculate the greatest common factor of f and 72.
72
Let f(u) = -7*u**3 - u**2 - 3*u + 45. Let z(r) = -6*r**3 - 3*r + 46. Let a(s) = 5*f(s) - 6*z(s). Let c be a(6). What is the highest common factor of c and 7?
1
Let v(q) = 33*q - 2364. Let i be v(73). What is the greatest common factor of 1545 and i?
15
Let p(z) = 34*z**2 - 2*z + 1. Let w be p(1). Let r be (-108)/51 + (-10)/(-85). Let b be (5 - 11)/(r/1). Calculate the greatest common factor of w and b.
3
Suppose -99 = -30*b + 19*b. Let i be -5 - ((-587)/b + 10/45). What is the highest common divisor of i and 220?
20
Let p(s) = 4*s + 37. Suppose 59 = -22*x + 323. Let u be p(x). What is the greatest common divisor of 17 and u?
17
Let x(y) = -y**3 + 29*y**2 - 162*y + 74. Let j be x(7). Calculate the greatest common divisor of j and 2976.
6
Suppose 16 = 2*x - 5*g - 25, -2*g + 30 = 5*x. Let s = -50866 + 50898. What is the greatest common factor of s and x?
8
Suppose 70 = 20*q - 18*q. Suppose -3*t = -3*p + 123, t = p + 6*t - q. Calculate the highest common factor of p and 240.
40
Let h(z) = z**3 - z**2 + 1. Let c = 189 + -188. Let l be h(c). Let q = 5 + 6. What is the greatest common divisor of l and q?
1
Let d be (2/3)/(152/41040). Calculate the greatest common factor of d and 495.
45
Suppose -351*n + 179*n - 940 = -177*n. What is the highest common factor of n and 16?
4
Let u be 1653 + 0 + -65 + 78. Calculate the greatest common divisor of u and 1190.
238
Let u(l) = l**2 + 77*l + 1516. Let c be u(-22). What is the greatest common factor of c and 374?
34
Let u be (336980/210)/(5/15). What is the greatest common factor of u and 498?
166
Let t be (-996)/(-18) - (-1)/(-3). Let r(o) = -19*o - 198. Let n be r(-11). What is the greatest common divisor of n and t?
11
Suppose q - 784 = -13*q. Suppose 0 + q = 4*c. What is the highest common divisor of c and 7?
7
Suppose -48*v + 251 = -2777 - 44. What is the highest common factor of 5408 and v?
32
Let u = -159 - -152. Let t be (((-2322)/u)/(-3))/(57/(-266)). What is the highest common divisor of 12 and t?
12
Let i = -2713 - -5093. What is the greatest common divisor of 280 and i?
140
Let m(g) = 2*g + 106. Let i be m(-15). Suppose 0 = -5*v - 2*p + 10, -2*p - 5 = 5. Calculate the highest common factor of i and v.
4
Suppose 0 = 14*k - 45*k - 87*k + 18408. What is the highest common divisor of 377 and k?
13
Suppose 0 = -8*w + 2*c + 12012, 10*c = 6*c - 24. What is the greatest common divisor of w and 120?
60
Let v = 105 + -100. Suppose -u + v = -21. What is the greatest common divisor of 1 and u?
1
Suppose